tors of n.
11
Suppose -2*w = -33 + 1. Let q be w*(-1 - (-3)/2). Let x(t) = 6*t + 5. List the prime factors of x(q).
53
Let n(v) = v**3 - 16*v**2 + 5*v + 30. Suppose 162 = 12*u - 30. List the prime factors of n(u).
2, 5, 11
Suppose 0 = -3*c + 5*u + 27 - 9, 0 = -2*u. Suppose c*k = 8*k - 178. List the prime factors of k.
89
Suppose -5*v + 2374 + 851 = 0. What are the prime factors of v?
3, 5, 43
Let u(y) be the third derivative of -y**6/120 - 2*y**5/15 - 5*y**4/12 - y**3/6 - 45*y**2. List the prime factors of u(-7).
2, 5
Let w(u) = 7*u - 6. Let f be w(13). Suppose -3*z + 109 - f = 0. List the prime factors of z.
2
Suppose 153*f - 134*f - 27037 = 0. List the prime factors of f.
1423
Suppose -3*l + 394 = -5*t, 37 = l + 2*t - 98. Suppose 26 = -2*n - 3*i - 150, 2*n - 4*i + 176 = 0. Let h = n + l. List the prime factors of h.
3, 5
Suppose 24*j = 34338 + 28614. List the prime factors of j.
43, 61
Suppose a = 1180 + 1875. List the prime factors of a.
5, 13, 47
Let r = 4274 - 1382. What are the prime factors of r?
2, 3, 241
Suppose -159*l + 11010 = -153*l. Suppose l - 358 = 7*b. What are the prime factors of b?
211
Let f(g) = 80*g - 8. Let y be f(-5). List the prime factors of ((-3)/6)/(3/y).
2, 17
Let p(y) = 5*y**2 + 2*y + 2. Let i(f) = -f + 12. Let s be i(0). Let b = s + -15. What are the prime factors of p(b)?
41
Let c(t) = -3*t**3 - 3*t**2 + 2. Let s be c(-1). Let i be (-81)/15 - 3/5. List the prime factors of s + i + (40 - 0).
2, 3
Suppose -8 = 2*h - 6. Let p be (-4)/(-4) - (h + 2). What are the prime factors of -44*(p - (-1)/(-2))?
2, 11
Let d(v) = 3*v + 4. Let t be (-4)/6*(-9 + 0). Let p be d(t). Suppose f + 3*f = -2*l + 14, -l + 3*f + p = 0. List the prime factors of l.
13
Let b = 226 + -10. List the prime factors of (-6)/33 + b/99.
2
Let z(f) = -f**2 + 10*f + 5. Let o(i) = i**3 + 14*i**2 - 2*i - 18. Let a be o(-14). Let t be z(a). List the prime factors of ((-108)/12)/((-1)/t).
3, 5
Suppose t = -4*o - 241, 3*t - t + 2 = 0. Let i be 89 - (1*4)/2. Let g = o + i. List the prime factors of g.
3
Let n = 28 - 24. Suppose -5*r + 200 = 2*i, 3*r + 3*i = n*r - 40. What are the prime factors of r?
2, 5
Let n be 63/(-18)*8/14. What are the prime factors of 2 - n/2*34?
2, 3
Let r be (4 - 1)/1 - -1. Let v(x) = -r*x + 16 - 7*x + 12*x. What are the prime factors of v(-11)?
5
List the prime factors of (118/(-236))/((14/17616)/(-7)).
2, 3, 367
Let t(p) be the second derivative of p**3/3 + 11*p**2/2 - p. Let z be 34/(-68)*(-10)/3*3. What are the prime factors of t(z)?
3, 7
Suppose 3*x = -5*h + 279 + 2485, 0 = -4*x - 2*h + 3690. What are the prime factors of x?
13, 71
Suppose 4*r - 34 = 2. Let p = -9 + r. Suppose p*o = 2*o - 26. List the prime factors of o.
13
Let h(n) = 5*n**2 + 8*n + 10. Let m be h(-5). Suppose -k = 2*l - 4*k - m, -k = -4*l + 175. List the prime factors of l.
43
Let m = 3920 - 1475. List the prime factors of m.
3, 5, 163
Suppose -1885 + 10045 = 3*d. What are the prime factors of d?
2, 5, 17
Suppose -3*i - 54 = 5*t - 218, 3*i - t = 158. Suppose 50*m + 921 = i*m. List the prime factors of m.
307
Let n = -5850 + 8597. What are the prime factors of n?
41, 67
Let s = 3 + 2. Suppose 0 = -s*j + 2*j + 48. Let d = 30 - j. What are the prime factors of d?
2, 7
Let q = 860 + -418. List the prime factors of q.
2, 13, 17
Let l(w) = w**3 - w**2 + w - 3. Let x be l(0). Suppose 237 = -2*h + 33. List the prime factors of 1/(x/h) - -4.
2, 19
Suppose -3*h + 50 + 51 = 2*x, 4*x - 3*h = 211. List the prime factors of (1 + -2)/((-4)/x).
13
Suppose -4*l - 3*h + 18 = -79, -2*h = -5*l + 127. What are the prime factors of l?
5
Suppose -4*t = 0, b + 4*t + 65 = -121. What are the prime factors of 21/(-6) + 4 + b/(-4)?
47
Let f(t) = t**3 - 4*t**2 + 3*t. Let d be f(3). List the prime factors of 0 - (d - (-1 + 279)).
2, 139
Suppose 2905 = i + 2542. List the prime factors of i.
3, 11
Let h(v) = v**3 + 13*v**2 + v - 10. Let d be h(-10). Suppose 2*g = -2*g + d. Suppose 170 = 5*w - g. What are the prime factors of w?
2, 3
Let a(d) = -d**3 + 3*d**2 + 3*d + 2. Let c be a(4). Let n be (c - -3)*(2 - -3). Suppose 3*v - 5*f = 65, 2*f = 5*v + n*f - 131. List the prime factors of v.
5
Suppose 95*p - 86*p - 12960 = 0. What are the prime factors of p?
2, 3, 5
Let s = -150 - -34. Let d = 59 - s. List the prime factors of d.
5, 7
Let x(n) = -49 - 4*n + 30 - 5 - 2*n. What are the prime factors of x(-6)?
2, 3
Suppose -9 + 54 = 3*v. Let a = v + -13. Suppose 135 = 3*o - 3*p, a*p = 4*p - 10. What are the prime factors of o?
2, 5
Let i = 2 - -60. List the prime factors of i/4 + (-3)/2.
2, 7
Let k = -132 + 36. Let c = k - -161. List the prime factors of c.
5, 13
Suppose 11*f = 15885 - 4643. List the prime factors of f.
2, 7, 73
Suppose -3*t + 0 = -6. Suppose 4*s - 5*w = 4, -2*s + t*w + 2 = w. List the prime factors of (0 - s)/(4/(-68)).
17
Suppose -4*h = -4*u + 264, -5*h - 146 = 4*u - 428. List the prime factors of (u/3)/((-1)/(-6)).
2, 17
Suppose 0 = 49*k - 53*k + 20, -2*k = 4*m - 2726. What are the prime factors of m?
7, 97
Suppose 0*u + 143 = 3*u + m, 0 = -4*u - 3*m + 189. Suppose i + o - 10 = u, 0 = -4*i + 5*o + 223. What are the prime factors of i?
3, 19
Let q = -12 + 14. Let o be (1 + (q - -1))*1. Suppose o*d - 2*c = 24, -1 + 7 = d + c. List the prime factors of d.
2, 3
Let y be (-4)/((-25)/5 - -4). Suppose h = -y*h - 3*u + 89, -2*h + 4*u + 46 = 0. List the prime factors of h.
19
Let q(l) = -l**3 + 18*l**2 + 9*l - 7. Let u be q(6). Suppose 4*s + 5*t = -0*s + u, 5*s - 604 = -t. What are the prime factors of s?
11
Let s = 132 + -60. Suppose -s = -z - 5*j, -230 = -3*z - j + 42. Suppose -q + 5*v + z = 0, -3*q - q - 4*v = -248. What are the prime factors of q?
67
Let b = 8 + -11. Let n be (-16)/b*-2*-6. Suppose m - n = -m. List the prime factors of m.
2
Suppose 0 = 3*s + 9 + 9. Let t = 60 - s. List the prime factors of t.
2, 3, 11
Suppose 0*r + 9*r - 45 = 0. Suppose -3*v = -0*v - 2*c - 67, -r*v + 3*c + 113 = 0. What are the prime factors of v?
5
Let n(w) = 13*w - 8 + 4 - 1. What are the prime factors of n(5)?
2, 3, 5
Let m(a) = -59*a**3 + a + 1. Let v be m(-1). Suppose -2*w - 159 + v = 0. Let k = w - -71. What are the prime factors of k?
3, 7
Let z = -399 - -601. What are the prime factors of z?
2, 101
Suppose 3407 = 2*f - 5*v, 21*f = 20*f - v + 1714. List the prime factors of f.
29, 59
Let d = -18 - -18. Suppose 2*y - 27 - 25 = d. What are the prime factors of y?
2, 13
Let z(p) = -2*p**3 + 42*p**2 + 36*p + 93. List the prime factors of z(19).
2221
Suppose -48*a = -51*a. Suppose a = 9*q + 90 + 9. What are the prime factors of -4 - (q - 2) - 2?
7
Let i = -57 - -498. What are the prime factors of i?
3, 7
Suppose -4*v - 15 = -9*v - j, 0 = 4*j + 20. Let p be 18/24 - 123/v. List the prime factors of (-9)/15 + (-978)/p.
2
Suppose 0 = 5*y - 2*y - 3*z + 99, 4*y - 5*z + 133 = 0. Let x = 54 + y. Suppose -j = -t + x, 9*t - 106 = 4*t + 4*j. List the prime factors of t.
2, 3
Let g be -1*(-1)/3*6. Suppose 0 = i - 4*c - 15, g*i - 6 = -c - 3. Suppose -4*b - 110 = -6*b + 4*w, -4*w + 125 = i*b. What are the prime factors of b?
47
Let w(r) = -31*r**2 - 8 + 5*r + 13*r**2 + 11*r**2 + r**3. What are the prime factors of w(7)?
3
Let m(q) = -q**2 - 29*q + 3042. What are the prime factors of m(0)?
2, 3, 13
Let l be (-883)/(-2) + (-6)/4. Suppose -4*n + 88 + 66 = 2*o, 0 = 5*o - n - l. Suppose -5*a = -g - 4*g - 125, 3*g - o = -3*a. What are the prime factors of a?
3
Suppose d - 5 = 6*d. List the prime factors of 1485/33 - 0/(0 + d).
3, 5
Let r = -1928 + 2731. List the prime factors of r.
11, 73
Suppose -230 = -3*x + x - 4*s, s = -3. Suppose -5*i + x = 2*m - m, -3*i - 3*m = -75. What are the prime factors of i?
2, 3
Let x = -8 + 13. Suppose -x*w + 259 = -131. What are the prime factors of w?
2, 3, 13
Let m = 11 - 13. Let q(i) = 4*i**2 - i. Let z be q(m). Let x = 9 + z. List the prime factors of x.
3
Suppose 3*l - 6 = 9. Suppose -2*s + l*x = s + 17, -s = -2*x + 7. What are the prime factors of 45 - 8 - (-2)/s?
3, 13
Let q(c) be the second derivative of -11/6*c**3 + 0 + 2*c + 1/2*c**2 - 1/12*c**4. List the prime factors of q(-9).
19
Suppose 3*b - 5*l = 4, 2*l = 2*b - 4*b + 24. Suppose 0 = -13*o + b*o + 10. List the prime factors of o.
2
Let s(w) = w**3 + w**2 + 14*w - 30. Let r(o) = o**3 - 2*o**2 + 4*o - 2. Let z be r(2). Wh